late the greatest common divisor of 28 and i.
14
Suppose 4*g = -0*a + 4*a + 8, g + 5*a - 8 = 0. Let q be 23/g*3 + 1. What is the greatest common factor of q and 24?
24
Let s be (7 + (-2)/2)*(-10)/(-20). Let l be (6/(-8))/s + 154/8. Calculate the highest common divisor of l and 19.
19
Let h = -84 - -97. Let u(g) = -10*g + 5. Let r be u(-6). What is the greatest common factor of r and h?
13
Let v = -523 - -721. What is the greatest common factor of 44 and v?
22
Let u(t) = t**2 - 7*t + 88. Let l be u(8). Calculate the highest common divisor of l and 3936.
96
Let z(q) = q**3 - q**2 - 5*q + 6. Let r be z(1). Calculate the highest common factor of 27 and r.
1
Let s(k) = -2*k - 1. Let j be s(-3). Let a(f) = 22*f - 11. Let y be a(j). Calculate the greatest common divisor of y and 9.
9
Let f be (-144)/2*1/(-2). Let y(o) = -o - 2. Let j be y(-4). Suppose -5*x + 128 = -3*t + t, -j*t = 3*x - 64. What is the greatest common divisor of f and x?
12
Suppose -8*x + 520 = -4*x. Suppose -2*w - w + 96 = 0. Let d = 84 - w. Calculate the greatest common factor of x and d.
26
Let j = -43 + 113. Suppose j = 3*b + 4*b. Calculate the greatest common factor of b and 80.
10
Let h(f) = -50*f - 116. Let b be h(-6). What is the highest common divisor of b and 8?
8
Let h be (-5)/(5/(-4)) - -336. What is the greatest common divisor of 5 and h?
5
Let l(w) = w**2 - 4*w. Let b be l(11). Let g be -2 - 21/(-6) - b/(-22). What is the greatest common factor of 45 and g?
5
Suppose -2*v + 474 = -2*p, 0 = -2*v + 3*v + p - 239. Calculate the greatest common divisor of v and 14.
14
Let k be (-2)/6*(-1 + -32). Let h(q) be the third derivative of -q**4/24 + 10*q**3/3 + 8*q**2 - 3. Let l be h(k). What is the highest common factor of 81 and l?
9
Let f(i) = 26*i + 1148. Let b be f(-43). Suppose -4*s + 5*a + 55 = 0, 5*s + 7 = -2*a + 117. What is the greatest common factor of b and s?
10
Let w = 470 - 437. Calculate the greatest common factor of 110 and w.
11
Let x(n) = 45*n + 21. Let v be x(2). Calculate the highest common divisor of v and 296.
37
Suppose 865 = -16*w - 207. Let d = 86 + w. Calculate the greatest common factor of 19 and d.
19
Let a(c) = c**3 - 3*c**2 - 61*c + 420. Let j be a(8). Let q(d) = 2*d**2 - 4*d - 2. Let s be q(5). Calculate the highest common divisor of j and s.
28
Suppose 23*i - 135 - 256 = 0. Let d(m) = 11*m**2 - 4*m - 5. Let f be d(-4). What is the greatest common divisor of f and i?
17
Let n = -159 + 210. Calculate the highest common divisor of 102 and n.
51
Let a = 155 - 59. What is the greatest common factor of a and 32?
32
Let i(c) = c**3 + 9*c**2 + 6*c - 10. Let y be i(-8). Let q be (y + 1)*(0 + 1). What is the highest common factor of 63 and q?
7
Let u = -17 - -8. Let q be (-3)/u + 28/(-12). Let x be (-44)/(-33) - q/3. What is the greatest common factor of x and 4?
2
Suppose -3*o - 2 = -2*o, 110 = -2*r - 5*o. Let u be 30/r*-1*15. Calculate the greatest common divisor of u and 63.
9
Let r = 1107 - 1061. What is the greatest common factor of r and 14?
2
Suppose 28*n - 34*n + 6 = 0. Calculate the greatest common divisor of 227 and n.
1
Let d be -1 + 4 + 8/(-2). Let k be -2 + 5 + d*1. Suppose -2*o + 24 = -3*s + 5*s, k*s + 5*o - 33 = 0. What is the highest common factor of s and 6?
3
Suppose -310 = -0*g - 3*g + w, g - w = 100. Suppose 3*o = 5*j - g, 20 = -0*o + 4*o. Calculate the greatest common divisor of 24 and j.
24
Let j(o) = 11*o - 23. Let m be j(8). Let b = m - 35. What is the greatest common factor of b and 60?
30
Suppose 8*j - 825 = -265. What is the greatest common factor of 2065 and j?
35
Let v = 8 + -15. Let a be (v - -2)/((-3)/39). Let r be a + 0 + (2 - -1). What is the highest common factor of r and 17?
17
Let t be 24/28*(4 - -10). Calculate the greatest common factor of t and 192.
12
Suppose 29*v - 32*v + 4*i = -96, -3*v - 3*i = -96. Let j be (-5 - 0) + (-7 - -6). Let f = j - -10. What is the greatest common divisor of v and f?
4
Let f = 232 + -212. Calculate the greatest common divisor of f and 16.
4
Let f be (-51)/(-6)*158/1. Let x = f - 956. Suppose 0*q = 2*a - 4*q - 138, 5*a + 4*q = x. What is the greatest common divisor of 15 and a?
15
Suppose 5*r - 11 - 19 = 0. Calculate the greatest common divisor of r and 846.
6
Suppose -5 = -3*a + 4, 2*a + 1182 = 3*l. Suppose 9*b - 3*b = l. Calculate the highest common divisor of b and 33.
33
Let n(r) = 1 - 3*r + 0*r - r**2 + 2*r - 3*r. Let l be n(-3). Suppose 4*d + j - 17 = 0, -3*j + 4*j = 3*d - l. What is the highest common divisor of d and 3?
3
Let a = -18 + 25. Let o = -73 + 100. Suppose 26*z = o*z - 1. Calculate the highest common factor of a and z.
1
Suppose 0 = 5*y - 4*b - 176, -y - 2*y + 109 = b. Calculate the highest common factor of 2448 and y.
36
Let o be (-4)/26 - (-4647)/39. What is the greatest common factor of 28 and o?
7
Let k = -998 - -1010. Calculate the greatest common factor of k and 636.
12
Let x be 1 - -8 - (-1)/1. Let w be (26 - x) + 1*4. Suppose -q + w = 3*q. What is the greatest common factor of q and 55?
5
Suppose 6*g = 11*g + t - 25, -4 = 4*g - 4*t. What is the highest common factor of g and 180?
4
Let q = 18 + -11. Let z be (-7)/14*(126 + 0)/3. Let p(i) = -i**3 - 21*i**2 - i - 20. Let d be p(z). What is the highest common factor of q and d?
1
Suppose 0 = -5*d + 4*t + 5375, 283*d - 5*t - 2150 = 281*d. What is the highest common factor of d and 86?
43
Suppose -2*f + 4 - 25 = -5*y, -4*f + 3 = 5*y. Let i be 7/(-21) - 4/(-3). Let c be 5/i + f + 83. What is the greatest common factor of 17 and c?
17
Let y(h) = -345*h**3 + h**2 + h + 1. Let j be y(-1). Let r = j + -247. What is the highest common divisor of r and 66?
33
Let r be -1 - (-4 - 0) - -249. Let n be (-1)/((-2)/r*1). Calculate the highest common divisor of n and 14.
14
Let n be 6584/(-14) - (-6)/21. Let v = -63 - n. What is the greatest common divisor of 37 and v?
37
Let h be (-63)/(-12) + (-5)/20. Suppose -3*j + 5*d + 108 = 0, -5*j + 187 - 7 = -h*d. What is the highest common divisor of j and 4?
4
Let r be (-64)/(-6) + (-5)/(-15). Let p = 18 - r. Suppose -2*c + p*c = -5*h + 75, 0 = 3*c - 3*h - 57. What is the highest common factor of 102 and c?
17
Suppose 52 + 124 = 8*m. What is the greatest common divisor of 2266 and m?
22
Suppose 5*j + 0*j + 2*w = 181, j = -2*w + 33. Let d = j + -31. Calculate the greatest common divisor of 12 and d.
6
Let y = -26 - -30. Suppose -i + y = 1. Suppose -4*b + 25 = -5*h, -i*h - 19 = -b - 6*h. What is the greatest common factor of b and 20?
10
Suppose 32 = -9*t + 12*t + 5*t. Suppose -20 = -3*r - 2*r. What is the greatest common divisor of t and r?
4
Suppose 15*y - 12*y = 102. Calculate the greatest common divisor of y and 493.
17
Let w(a) = a**2 + a + 2. Let z be w(4). Suppose -72*b = -69*b - 594. Let q be (b/(-90))/(1/(-5)). Calculate the greatest common divisor of z and q.
11
Let p = 1 - 3. Let r be (-290)/(-20) - p/4. Let x = 19 - r. Calculate the highest common factor of x and 4.
4
Suppose -2*l + 167 = -5*f, -4*l - 4*f = l - 368. What is the highest common divisor of l and 190?
38
Let o = 75 - -9. Calculate the greatest common divisor of o and 112.
28
Let a(z) = 14*z - 78. Let n be a(12). Let b = -43 + 61. What is the highest common divisor of n and b?
18
Let b = -813 - -825. What is the greatest common factor of b and 2388?
12
Let o be 45 - 4/8*-2. Calculate the greatest common factor of 276 and o.
46
Suppose 28*x - 24*x = 4*z - 2576, z - 644 = -2*x. Calculate the greatest common divisor of 7 and z.
7
Let z(s) = -29*s**2 - 96*s - 5. Let a be z(-3). Calculate the highest common factor of a and 319.
11
Suppose 7*f - 3*f = -8. Let i = f - -4. Let l be 25*(i + (-24)/15). Calculate the greatest common factor of l and 10.
10
Let j(l) = l - 25. Let a be j(19). Let t = 44 + a. Calculate the highest common factor of 95 and t.
19
Let m = -244 + 121. Let a be 5/20 + 47/4. Let g = a - m. Calculate the greatest common divisor of 54 and g.
27
Let n be (-2)/9 - (-494)/117. Let o(b) = b - 1. Let y be o(n). Suppose -y*i = -0*w - w + 66, -4*w + 4*i = -248. What is the greatest common factor of w and 12?
12
Let v(y) = y**3 + 4 + 12 + 5 - 20*y**2. Let a be v(20). What is the highest common divisor of a and 14?
7
Let y = 71 + -43. Let c be (-6)/4*(4 + 10). Let d = 25 + c. What is the greatest common factor of y